2 + 2*g. Let n(t) = t**3 - 6*t**2 - 6*t - 7. Let c be n(7). List the prime factors of f(c).
7
Suppose -7*g + 239 - 57 = 0. Suppose -m + 0*m - 17 = -2*s, -s - 3*m = -g. What are the prime factors of s?
11
Let z(b) = b**3 - b**2 - 10. Let k be z(0). Let i be (5/k)/(1/26). Let n = -9 - i. List the prime factors of n.
2
Let f(a) = -4*a - 4. Suppose -w + 4*w - 2*j + 14 = 0, 0 = j + 2. List the prime factors of f(w).
2, 5
Let x(q) = 2*q + 121. What are the prime factors of x(0)?
11
Let d(g) = -g**3 - g**2 - g + 17. What are the prime factors of d(0)?
17
Let f be 34/8*(-88)/(-11). Suppose -w - 2*a = 2*a - f, 0 = -5*a + 20. What are the prime factors of w?
2, 3
Let l be 6 + -5 - (0 + -1). Suppose -q - 15 = 2*q, -l*c = 2*q - 8. What are the prime factors of c?
3
Let u = 52 - 27. List the prime factors of u.
5
Suppose 0 = 4*n - n. Suppose -2*g + 2*t + 6 = 6*t, -4*t = n. List the prime factors of g.
3
Suppose 9 = 5*f + 2*v - 4, -2*f - 5*v = -1. List the prime factors of (1 - (-6)/f) + 4.
7
List the prime factors of 5/(-3 - (-1 - 3)).
5
Suppose 0*s - 48 = -s. Suppose -4*c = 2*d + 138, -2*d - 16 = 2*c + s. Let t = -18 - c. What are the prime factors of t?
19
Let g = 33 + 19. What are the prime factors of g?
2, 13
Let h = 17 - 12. Suppose 0 = 2*c - 2 - 4, 2*c = h*l + 156. List the prime factors of 3*(1 + l/(-9)).
13
Let a(m) = m**2 - 3*m + 6. Suppose 0 = q - 2 - 5. What are the prime factors of a(q)?
2, 17
Suppose -2*b + 9 - 1 = 0. Suppose -x + b*x - 51 = 0. List the prime factors of x.
17
Suppose 44 = 2*u - 2*s, 4*u - 41 = 2*u + 3*s. What are the prime factors of u?
5
Suppose 5*u = -0*w - w + 30, -4*u = 4*w - 8. Let o(y) = y + 6. List the prime factors of o(u).
13
Let t(v) = -v**3 + 5. Let x be -2 - 0 - (1 + -3). Let a be t(x). Suppose 2 = 3*y + 5*c - 34, 60 = a*y + 5*c. What are the prime factors of y?
2, 3
Suppose m + 3 = i, 2*m + 10 + 2 = -i. Let p = 5 + -7. List the prime factors of 8 - (i - 2 - p).
2, 5
Let h(g) = -20*g - 21. What are the prime factors of h(-5)?
79
Let k(d) = -250*d + 2. List the prime factors of k(-1).
2, 3, 7
Let a(o) = -6*o**2 + 36*o - 9. Let u(s) = -s**2 + 7*s - 2. Let g(v) = -2*a(v) + 11*u(v). Let p be g(-6). List the prime factors of 2/(-2) + p - -5.
2, 3
Let m be (0 - -1)*(-10)/(-2). Let l = 13 - m. What are the prime factors of l?
2
Let k(t) = -11*t**3 - 2*t**2 + t + 3. Let b(u) = u**2 - u - 1. Let l(d) = -2*b(d) - k(d). List the prime factors of l(1).
11
Suppose 4*w - 184 = u, u = -0*w - 2*w + 92. Suppose l = w - 2. Suppose -24 = -4*m + l. What are the prime factors of m?
17
Let u = 213 - 159. What are the prime factors of u?
2, 3
Let o = 68 - 45. What are the prime factors of o?
23
Let q = -6 + 17. Let p(j) = j**2 + 7*j + 3. Let i be p(-7). Suppose -q = -i*n + 28. What are the prime factors of n?
13
Suppose -a = 4*a - 3*f - 40, 5*f = -3*a + 24. Let t = 25 + a. List the prime factors of t.
3, 11
Suppose 3 = 3*v + g + 2*g, 2*g = -v - 3. Let t = v - 3. Suppose 0*n - 3*n + 33 = 3*h, 2*h - t*n - 14 = 0. List the prime factors of h.
3
List the prime factors of (-76)/(-1) - (19 - 15).
2, 3
Suppose 0 = -5*p + 3*k + 627, -p + k - 611 = -6*p. What are the prime factors of p?
3, 41
Let g(z) = 3*z**2 + 9*z - 13. List the prime factors of g(5).
107
Suppose 2*q = -2*h + 3*h, -5*q = -h. Let i(l) = l**3 + l + 6. What are the prime factors of i(q)?
2, 3
Let y(m) = 23*m**3 - 11*m**2 + 13*m. Let i(u) = -11*u**3 + 6*u**2 - 7*u. Let s(c) = 11*i(c) + 6*y(c). What are the prime factors of s(1)?
2, 3
Suppose -4*d = 33 - 133. What are the prime factors of d?
5
Let z = 9 + -9. Suppose v + 3*v - 144 = z. List the prime factors of v.
2, 3
Let o = -56 - -75. List the prime factors of o.
19
Let c(r) = -r**3 + 8*r**2 - 8*r + 1. Let b be (60/(-8))/(-5)*4. What are the prime factors of c(b)?
5
Let n be 7/2 - 3/2. Suppose 2*v - n*l = 12, -v - 6*l - 14 = -3*l. Let m = v + 1. List the prime factors of m.
2
Let n = 78 - 41. What are the prime factors of n?
37
Let r(b) = 6*b**2 + b**3 - 6*b + b - 5 + 3*b. List the prime factors of r(-6).
7
Let p(y) be the third derivative of -y**4/12 - y**3 - 6*y**2. What are the prime factors of p(-6)?
2, 3
Let k(v) = -v**3 - 10*v**2 + 2*v - 1. Let l(c) = -2*c**3 - 21*c**2 + 5*c - 3. Let g(s) = 7*k(s) - 3*l(s). What are the prime factors of g(-7)?
3
Let k(x) = -3*x**2 + 5*x - 14. Let b(h) = -2*h**2 + 3*h - 9. Let d(s) = -8*b(s) + 5*k(s). What are the prime factors of d(0)?
2
Let a(i) = i**3 + 8*i**2 + 3. Let j be a(-8). Suppose 18 = j*c - 0*c. What are the prime factors of c?
2, 3
Suppose -546 = 14*h - 17*h. List the prime factors of h.
2, 7, 13
Suppose 4*x = 4*p + 316, -3*x - x + 5*p + 311 = 0. What are the prime factors of x?
2, 3, 7
Let q = -5 - -16. What are the prime factors of q?
11
Let y(n) = 2*n**2 - n - 3. Let m(g) = -3*g**2 + g + 5. Let s(a) = 5*m(a) + 8*y(a). List the prime factors of s(-6).
5, 11
Let u = 17 - -111. Let b = -83 + u. List the prime factors of b.
3, 5
Let a(p) be the first derivative of p**3/3 - 5*p**2/2 + p - 1. Suppose 0 = -4*l - 2*w + 3 + 23, 0 = 2*l - w - 11. What are the prime factors of a(l)?
7
Let b = -18 + 43. Suppose -7*q = g - 3*q + 3, -5*q - b = 0. Let j = 32 - g. What are the prime factors of j?
3, 5
Suppose 25 = 7*r - 2*r. Suppose -l + r = -7. List the prime factors of l.
2, 3
Let x be 1/(1 + 40/(-42)). Suppose 0*j + x = 3*j. List the prime factors of j.
7
Let f(a) = -a**2 - a + 16. Let t be f(0). Let s = 28 - t. List the prime factors of s.
2, 3
Let j be -1 + 15 - 6/(-3). Suppose -a + 7*b - 4*b = -17, 4*b + j = 0. What are the prime factors of a?
5
Let l be ((-3)/(6/10))/(-1). Suppose -v - 2*y - 10 = 0, -5*y = 2*v + 17 + l. List the prime factors of (-2)/(-3) - 50/v.
3
Let p(o) = o**3 + 3*o**2 - 4*o + 2. Let m(a) = a - 7. Let d be m(4). Let j = -1 + d. List the prime factors of p(j).
2
What are the prime factors of ((-20)/(-6))/(18/27)?
5
Let o(u) = -4*u + 3. Let j be o(-3). Suppose -d + j = 2*d. Let a = d + 0. List the prime factors of a.
5
Let t(x) = -x**2 + 10*x + 15. Let p be t(11). Suppose -m + 5*n - 3 = -8, -2*m = -p*n - 28. List the prime factors of m.
2, 5
Let r(i) = 3*i - 3. Let n be r(2). Suppose 18 + 48 = n*u. List the prime factors of u.
2, 11
Let g = -73 + 146. List the prime factors of g.
73
Let t(b) = 2*b + 1. Let y be t(1). Let j(q) = 2*q**2 - 5*q + 7. What are the prime factors of j(y)?
2, 5
List the prime factors of ((-1576)/(-4))/(0 + 2).
197
Let u(c) = -c**3 - 6*c**2 + 6*c - 10. List the prime factors of u(-8).
2, 5, 7
Let b be (15*2)/2*1. Let u(z) = -z**3 - 4*z**2 + 6*z - 4. Let v be u(-5). Let s = b + v. What are the prime factors of s?
2, 3
Suppose -2*a - 1010 = -7*a + 5*k, -3*k = -15. What are the prime factors of a?
3, 23
Suppose -5*j - 4*i + 574 = 0, -3*i + 5 = -j + 116. What are the prime factors of j?
2, 3, 19
Let d(b) = -b - b**2 - 3*b - 5 + b + 12*b. Let j be d(6). Let q = j + 8. List the prime factors of q.
3, 7
Let r be 112/6 + (-2)/3. Suppose -4 + r = 2*z. Let i(f) = f - 3. What are the prime factors of i(z)?
2
Suppose f - 103 + 1 = 0. What are the prime factors of f?
2, 3, 17
Let w be (3 + -6)/(-1) - 2. Let r be 4*w - (-7 - -6). Suppose r*k = k + 60. List the prime factors of k.
3, 5
Let r = 4 - 7. Let x = r + 14. List the prime factors of x.
11
Suppose -2*w + 42 + 0 = 0. List the prime factors of w.
3, 7
Let z(p) = -5*p**3 + 7*p**2 + 7*p - 29. Let r(o) = -o**3 + o**2 + o - 1. Let v(m) = 6*r(m) - z(m). List the prime factors of v(0).
23
Suppose -4*x = 6*v - 2*v - 180, 275 = 5*v - 5*x. What are the prime factors of v?
2, 5
List the prime factors of (-1 - 1060/8)*2/(-3).
89
Let g(n) be the third derivative of n**5/15 - n**4/24 - n**3/6 - 2*n**2. Suppose -4*z - 5 - 19 = -4*a, -5*z = -3*a + 20. List the prime factors of g(z).
2
Suppose -5*b + 3*l = -178, 4*b + l - 146 - 10 = 0. What are the prime factors of b?
2, 19
What are the prime factors of -3 - (3/1 - 32)?
2, 13
Suppose -4*n + 2*m = -98, 3*n + 4*m = 63 - 6. What are the prime factors of n?
23
List the prime factors of -2 - (-184)/12*3.
2, 11
Suppose 3*z + 27 = -0*x + 3*x, -5*z = 4*x - 9. What are the prime factors of x?
2, 3
Suppose -5*t + 83 = 4*n, -t + 38 - 16 = -n. What are the prime factors of t?
19
Suppose 0*k = 4*k - 112. List the prime factors of k.
2, 7
What are the prime factors of (-102)/